 + g = 6*g - 1, 2*w - 7 = g. Suppose w = 5*p + 18. Let a(d) = d**2 + 2*d - 1. Calculate the remainder when 7 is divided by a(p).
1
Suppose 28*t - 6118 = -18*t. Calculate the remainder when t is divided by 38.
19
Suppose 2*o - o = 2*q - 201, -186 = -2*q - 2*o. Calculate the remainder when q is divided by 8.
2
Let a = -2119 + 2130. Calculate the remainder when (-6)/(-21) + 262/14 is divided by a.
8
Suppose 0 = -3*o - 5*l + 29, 9 + 24 = 4*o + l. Suppose -133 = -9*s + 200. What is the remainder when s is divided by o?
5
Let j = -564 + 1041. Calculate the remainder when j is divided by 11.
4
Let a be (-2)/(-2) - -2*(2 - 1). Suppose 0*s = a*s - 69. What is the remainder when 43 is divided by s?
20
Let p(d) = -d**3 + 21*d**2 - 36*d - 24. Calculate the remainder when 32/6*(-30)/(-4) is divided by p(19).
12
Suppose 211 = 14*q - 83. Calculate the remainder when 145 is divided by q.
19
Suppose 3*i - 10 = 2*w - 0, 0 = -3*w - 2*i - 2. What is the remainder when (w/(16/268))/(2/(-4)) is divided by 35?
32
Let t = 25 - 7. Suppose 12 = 3*d + v, -3*d + 6 + 6 = -v. Suppose w + 0*w - d = 0. What is the remainder when t is divided by w?
2
Calculate the remainder when -123*(52/(-13) + 11/3) is divided by 22.
19
What is the remainder when (-6 - -218 - 7) + (-3 - -2) is divided by 26?
22
Let w = -55 - -66. Suppose 9*t = w*t - 16. What is the remainder when 20 is divided by t?
4
Suppose 3*i - 65 = -2*i. Let j be (-14)/1*-31*8. What is the remainder when j/91 + (-2)/13 is divided by i?
12
Let l(i) = -i**2 - 5*i + 4. Let s be l(4). Let q = s + 56. Suppose 4*x - q = 2*x. What is the remainder when 22 is divided by x?
10
Let r = -81 - -144. Calculate the remainder when r is divided by 5.
3
Suppose 4*x = 5 + 39. Suppose -3*j + 36 = -78. What is the remainder when j - (0/(-1) - 4) is divided by x?
9
Let y(v) be the third derivative of -v**4/12 + v**3/2 + 14*v**2. Let g = -9 - -30. Calculate the remainder when g is divided by y(-4).
10
Let g(l) = 5*l**3 + l**2 - l. Let n(t) = -2*t**3 + 3*t**2 + t + 9. What is the remainder when g(2) is divided by n(0)?
6
Suppose 56*m - 52*m = -v + 760, m - 190 = 2*v. What is the remainder when m is divided by 17?
3
Let y(n) = n**2 - 3*n - 1. Suppose 0 = -3*f + 5*g + 92, -4*f - f = -2*g - 166. Calculate the remainder when f is divided by y(-3).
0
Let r = 551 - 1663. Calculate the remainder when 93 is divided by r/(-48) - (-5)/6.
21
Suppose 41*b = 21*b + 26580. Calculate the remainder when b is divided by 12.
9
Let y(g) be the third derivative of 0 + 0*g + 1/6*g**3 - 1/24*g**4 + g**2. Calculate the remainder when 12 is divided by y(-4).
2
What is the remainder when 195 is divided by (-230)/46 - (2 - 10*4)?
30
Suppose -18 = 2*h - 4. Let o(w) = -8*w - w**2 - 2 + 3 + 4 + 3. Calculate the remainder when o(h) is divided by 9.
6
Let j(h) = -5*h**2 + 3*h + 15. Let g(w) = 9*w**2 - 6*w - 31. Let u(i) = 4*g(i) + 7*j(i). Calculate the remainder when u(8) is divided by 11.
10
Let n(w) = -w**3 + w + 2. Let c = 5 - 5. Let j = 19 + -18. Calculate the remainder when n(c) is divided by j.
0
What is the remainder when 20*(1 + 9/(-15)) is divided by 3?
2
Let z = -20 + 78. Let g(r) = 2*r - 3. Let d(k) = -k + 2. Let j(l) = 2*d(l) + 3*g(l). What is the remainder when z is divided by j(5)?
13
Let i = -9 + 10. Let y be 36/20*5/i. Suppose 58 = y*s - 7*s. What is the remainder when s is divided by 11?
7
Let l(h) = 8*h - 2. Let s be l(1). Suppose -3*d - 2*v - v = -s, 2*v = 0. Suppose d*x = -13 + 47. Calculate the remainder when 31 is divided by x.
14
Calculate the remainder when 19 is divided by (-2)/(-8)*47 + (-25)/(-100).
7
Calculate the remainder when (2/4)/((-9)/(-1260)) is divided by 45.
25
Suppose -5*b + m = -3*m - 75, 75 = 5*b + 3*m. Let y = -327 - -429. What is the remainder when y is divided by b?
12
Suppose -8*t + 5*t = -5*r - 1569, 0 = -3*t - 2*r + 1548. What is the remainder when t is divided by 40?
38
Suppose 3*o = o + 4*y + 190, 0 = -5*y. Suppose 6*d - 79 = o. What is the remainder when d is divided by 16?
13
Calculate the remainder when (-2 + (4 - 9))*(5 - 48) is divided by 19.
16
Let y = -182 - -215. Calculate the remainder when y is divided by 12.
9
Suppose 0 = -w + 6*k + 60, 5*k = -4*w + 2*k + 186. What is the remainder when 383 is divided by w?
47
Let y = -1096 - -1228. What is the remainder when 522 is divided by y?
126
Suppose 355 + 65 = 4*n. Let x = -100 + n. Calculate the remainder when 7 is divided by x.
2
Let h = 100 - -4. Let a = h - 79. Calculate the remainder when a is divided by 8 + (0/(-2) - -1).
7
Suppose g - 49 = 5*p, 4*p = -4*g - p + 121. Calculate the remainder when g is divided by 29.
5
Let r be 4/(8/(-3))*-2. Suppose 5*m - 4*w - 40 = 0, -3*m - 24 = -6*m - r*w. What is the remainder when m is divided by -10*(-4)/8*1?
3
What is the remainder when ((-138)/24 - -5)/((-3)/11688) is divided by 75?
72
Suppose 0 = 2*r + 48 - 54. Suppose z = -4*u + 200 + 218, r*u = 4*z + 304. What is the remainder when u is divided by 15?
14
Suppose -25 = 5*k, -3*m = -0*k - 3*k - 891. Calculate the remainder when m is divided by 14.
12
Suppose 7*z - 3*z = -a + 17, 4*a - 2*z - 50 = 0. What is the remainder when 63 is divided by a?
11
Let p(r) = 7*r**2 - 9*r + 8. Let g(a) = 20*a**2 - 27*a + 25. Let h(t) = 6*g(t) - 17*p(t). What is the remainder when 23 is divided by h(8)?
5
What is the remainder when 57 is divided by 0 + 17 + (-4)/(-1)?
15
Suppose 5*b = -s + 7*b + 247, 4*b = -5*s + 1235. What is the remainder when s is divided by 45?
22
Let k be (-4)/26 + (-469)/(-91). Suppose i - 4 = k*r - 1, 5*r + 12 = 4*i. Calculate the remainder when ((-9)/5)/(i/(-15)) is divided by 8.
1
Let s(b) = 5*b. Let o be s(2). Suppose 75 - 27 = 5*x - 4*l, -2*l - 4 = 0. What is the remainder when (11 - 1)*45/o is divided by x?
5
Let g(l) = l**2 - 12*l + 44. What is the remainder when (-155)/10*(0 + -2) is divided by g(8)?
7
Suppose 3 = -u + 12. Let z = -14 - -18. Suppose 2*a - 121 = -a - z*g, 4*a - 136 = g. What is the remainder when a is divided by u?
8
Let k(r) = 10*r + 23. What is the remainder when k(6) is divided by 76?
7
Suppose -r + 2*d = r - 114, 287 = 5*r - 3*d. Suppose -a + 5*h - 26 = -4*a, -4*a + 5*h = -r. Calculate the remainder when 47 is divided by a.
11
Suppose 0 = 39*d - 40*d + 6. Suppose 432 = 3*y + d*y. Calculate the remainder when y is divided by 30.
18
Let x = 1 + -1. Suppose 5*h + 0*h - 35 = 5*p, x = p. Let z = -100 + 104. What is the remainder when h is divided by z?
3
Suppose -5*n - 73 = -q, -3*q + 5*n = -8*q + 425. Let d be ((-28)/(-3))/(1/(-6)). What is the remainder when q is divided by (-732)/(-26) - (d/(-26) + -2)?
27
Let o be (-1620)/(-44) + 10/55. Let t = 43 - o. Calculate the remainder when 20 is divided by t.
2
Let t(y) = 55*y - 6. Let f be t(2). Let g = -67 + f. What is the remainder when g is divided by 14?
9
Calculate the remainder when 30 is divided by ((-54)/12)/(15/(-20)).
0
Let p = 19 - 17. Let o be 2/3*(1 + p). Calculate the remainder when 84 + o*3/6 is divided by 22.
19
Let o = 109 - 107. Suppose -3*v + v = -o*m + 24, 27 = m + 4*v. Let r = -67 + 94. What is the remainder when r is divided by m?
12
Let h(f) = 2*f**3 - 2*f**2 + 2*f - 1. Let s be h(2). Suppose l + 0*l - s = 0. Calculate the remainder when 54 is divided by l.
10
Let y = 136 + -56. Let l = -1465 - -1477. What is the remainder when y is divided by l?
8
Suppose -49 + 390 = 31*u. What is the remainder when -2 + (19 - (-2 - -1)) is divided by u?
7
Let v be (7 - 5) + -371*7. Calculate the remainder when 3/7 - (v/21 - -2) is divided by 25.
22
Let v be ((-6)/4)/(3/(-4)). Suppose 7*d = 26 + 2. Suppose -v*r = -3*l - 19, -7*r + 3*r + 68 = d*l. Calculate the remainder when r is divided by 4.
2
Suppose -2*y + 17 = -13. Let l = 2 + -5. Let x = l - -7. What is the remainder when y is divided by x?
3
Suppose 0*r = 9*r - 27. Let q = -6 + 19. Calculate the remainder when q is divided by 1 - 6*(r - 4).
6
Suppose 0 = 4*i - 39 - 29. What is the remainder when 74 is divided by i?
6
Let k = 22 - 36. Let y(j) = -j**3 - 13*j**2 + 14*j + 5. What is the remainder when 7 is divided by y(k)?
2
Suppose 0 = -4*z + 4*f + 20, -z + 3*f = -f + 1. Suppose 16 + 11 = a. Calculate the remainder when a is divided by z.
6
Let k be (-8)/(-10)*(-30)/(-12)*1. Calculate the remainder when 103 is divided by 1*(-86)/(-4) -